{"id":60,"date":"2025-08-18T19:51:22","date_gmt":"2025-08-18T19:51:22","guid":{"rendered":"https:\/\/airepuropropiedades.cl\/?page_id=60"},"modified":"2025-09-25T20:37:04","modified_gmt":"2025-09-25T20:37:04","slug":"casas","status":"publish","type":"page","link":"https:\/\/airepuropropiedades.cl\/index.php\/casas\/","title":{"rendered":"Ventas de Casas"},"content":{"rendered":"\n<p><a href=\"https:\/\/estatik.net\/docs\/taxonomies-es_my_listing-es_categoryterm-id\/\"><\/a>    <div data-search-form-selector='.js-es-search:not(.es-search--ignore-ajax)'>\n\n<div class=\"es-properties js-es-properties js-es-entities-wrap es-properties--hfm--full-width\">\n    \n    <div class=\"es-properties__list\">\n\t    \n<div class=\"es-listings__wrap-inner js-es-listings__wrap-inner js-es-entities__wrap_inner et_smooth_scroll_disabled\">\n    \n    <div data-entity=\"listings\" class=\"js-es-listings js-es-entities es-listings es-listings--grid-3\" data-layout=\"es-listings--grid-3\" data-hash=\"bGF5b3V0PWdyaWQtMyZwb3N0c19wZXJfcGFnZT00MCZkaXNhYmxlX25hdmJhcj0wJnNob3dfc29ydD0xJnNob3dfdG90YWw9MSZzaG93X3BhZ2VfdGl0bGU9MSZzaG93X2xheW91dHM9MSZzb3J0PW5ld2VzdCZsaW1pdD0wJmxvb3BfdWlkPTEmcGFnZV90aXRsZT1WZW50YXMgZGUgQ2FzYXMmaWdub3JlX3NlYXJjaD0wJnNlYXJjaF9mb3JtX3NlbGVjdG9yPS5qcy1lcy1zZWFyY2g6bm90KC5lcy1zZWFyY2gtLWlnbm9yZS1hamF4KSZlbmFibGVfc2VhcmNoPTAmc2VhcmNoX3R5cGU9c2ltcGxlJmVuYWJsZV9hamF4PTEmdmlld19hbGxfbGlua19uYW1lPVZlciB0b2RvJmRpc2FibGVfcGFnaW5hdGlvbj0wJndpc2hsaXN0X2NvbmZpcm09MCZoZm1fZnVsbF93aWR0aD0xJl9pZ25vcmVfY29vcmRpbmF0ZXM9MCZmaWVsZHNfZGVsaW1pdGVyPSwmc3RyaWN0X2FkZHJlc3M9MCZtYXBfc2hvdz0wJmF1dGhvcnM9MCZlc19jYXRlZ29yeT04MA==\">\n            <\/div>\n\t        <div class=\"es-no-found-posts\">\n\t<h2 class=\"es-no-found-posts__title heading-font\">No hay resultados\n<\/h2>\n\t<p class=\"content-font\">Ajuste su b\u00fasqueda cambiando los filtros.\n<\/p>\n    <\/div>\n        <div class='es-powered content-font'>Powered by <a target='_blank' href='https:\/\/estatik.net'>Estatik<\/a><\/div><\/div>\n    <\/div>\n    <div class=\"js-es-properties__map es-properties__map \">\n\t        <div class=\"es-map-error content-font\">\n        \u00a1UPS! Esta p\u00e1gina no carg\u00f3 Google Maps correctamente. P\u00f3ngase en contacto con el administrador para solucionar este problema.    <\/div>\n    <\/div>\n<\/div>\n\n    <\/div>\n<\/p>\n","protected":false},"excerpt":{"rendered":"","protected":false},"author":1,"featured_media":535,"parent":0,"menu_order":0,"comment_status":"closed","ping_status":"closed","template":"","meta":{"footnotes":""},"class_list":["post-60","page","type-page","status-publish","has-post-thumbnail","hentry"],"_links":{"self":[{"href":"https:\/\/airepuropropiedades.cl\/index.php\/wp-json\/wp\/v2\/pages\/60","targetHints":{"allow":["GET"]}}],"collection":[{"href":"https:\/\/airepuropropiedades.cl\/index.php\/wp-json\/wp\/v2\/pages"}],"about":[{"href":"https:\/\/airepuropropiedades.cl\/index.php\/wp-json\/wp\/v2\/types\/page"}],"author":[{"embeddable":true,"href":"https:\/\/airepuropropiedades.cl\/index.php\/wp-json\/wp\/v2\/users\/1"}],"replies":[{"embeddable":true,"href":"https:\/\/airepuropropiedades.cl\/index.php\/wp-json\/wp\/v2\/comments?post=60"}],"version-history":[{"count":4,"href":"https:\/\/airepuropropiedades.cl\/index.php\/wp-json\/wp\/v2\/pages\/60\/revisions"}],"predecessor-version":[{"id":556,"href":"https:\/\/airepuropropiedades.cl\/index.php\/wp-json\/wp\/v2\/pages\/60\/revisions\/556"}],"wp:featuredmedia":[{"embeddable":true,"href":"https:\/\/airepuropropiedades.cl\/index.php\/wp-json\/wp\/v2\/media\/535"}],"wp:attachment":[{"href":"https:\/\/airepuropropiedades.cl\/index.php\/wp-json\/wp\/v2\/media?parent=60"}],"curies":[{"name":"wp","href":"https:\/\/api.w.org\/{rel}","templated":true}]}}